741.
1741
What are the prime factors of 3014?
2, 11, 137
List the prime factors of 14298.
2, 3, 2383
What are the prime factors of 10252?
2, 11, 233
What are the prime factors of 19164?
2, 3, 1597
List the prime factors of 16720.
2, 5, 11, 19
List the prime factors of 2815.
5, 563
List the prime factors of 3297.
3, 7, 157
List the prime factors of 31483.
19, 1657
List the prime factors of 347.
347
List the prime factors of 10118.
2, 5059
List the prime factors of 1161.
3, 43
What are the prime factors of 2859?
3, 953
What are the prime factors of 1307?
1307
What are the prime factors of 1252?
2, 313
What are the prime factors of 93388?
2, 37, 631
List the prime factors of 18354.
2, 3, 7, 19, 23
What are the prime factors of 1820?
2, 5, 7, 13
What are the prime factors of 5699?
41, 139
What are the prime factors of 2752?
2, 43
List the prime factors of 3530.
2, 5, 353
List the prime factors of 1552.
2, 97
List the prime factors of 1306.
2, 653
List the prime factors of 2922.
2, 3, 487
What are the prime factors of 86168?
2, 10771
What are the prime factors of 373?
373
List the prime factors of 1130.
2, 5, 113
What are the prime factors of 10343?
10343
What are the prime factors of 359?
359
What are the prime factors of 5321?
17, 313
List the prime factors of 1376.
2, 43
List the prime factors of 13496.
2, 7, 241
What are the prime factors of 215?
5, 43
List the prime factors of 67.
67
What are the prime factors of 4242?
2, 3, 7, 101
What are the prime factors of 498?
2, 3, 83
What are the prime factors of 230?
2, 5, 23
What are the prime factors of 239?
239
What are the prime factors of 6718?
2, 3359
List the prime factors of 4397.
4397
List the prime factors of 619.
619
List the prime factors of 1682.
2, 29
What are the prime factors of 4991?
7, 23, 31
What are the prime factors of 1467?
3, 163
List the prime factors of 3246.
2, 3, 541
List the prime factors of 60200.
2, 5, 7, 43
List the prime factors of 24358.
2, 19, 641
What are the prime factors of 53894?
2, 26947
What are the prime factors of 1567?
1567
List the prime factors of 19820.
2, 5, 991
What are the prime factors of 1494?
2, 3, 83
List the prime factors of 22851.
3, 2539
List the prime factors of 2633.
2633
What are the prime factors of 31291?
13, 29, 83
What are the prime factors of 674?
2, 337
List the prime factors of 44744.
2, 7, 17, 47
List the prime factors of 12558.
2, 3, 7, 13, 23
List the prime factors of 1665.
3, 5, 37
What are the prime factors of 231?
3, 7, 11
List the prime factors of 562.
2, 281
What are the prime factors of 501?
3, 167
List the prime factors of 5687.
11, 47
What are the prime factors of 105901?
137, 773
What are the prime factors of 812?
2, 7, 29
What are the prime factors of 7517?
7517
What are the prime factors of 319?
11, 29
What are the prime factors of 2197?
13
What are the prime factors of 30951?
3, 19, 181
What are the prime factors of 8516?
2, 2129
What are the prime factors of 4383?
3, 487
List the prime factors of 4689.
3, 521
What are the prime factors of 24206?
2, 7, 13, 19
List the prime factors of 17511.
3, 13, 449
List the prime factors of 16937.
16937
List the prime factors of 29981.
7, 4283
List the prime factors of 20252.
2, 61, 83
What are the prime factors of 23484?
2, 3, 19, 103
What are the prime factors of 2032?
2, 127
What are the prime factors of 38146?
2, 19073
List the prime factors of 4415.
5, 883
List the prime factors of 2308.
2, 577
List the prime factors of 3309.
3, 1103
List the prime factors of 3000.
2, 3, 5
List the prime factors of 64.
2
List the prime factors of 97396.
2, 13, 1873
What are the prime factors of 3012?
2, 3, 251
List the prime factors of 24004.
2, 17, 353
What are the prime factors of 665?
5, 7, 19
What are the prime factors of 537?
3, 179
What are the prime factors of 17485?
5, 13, 269
List the prime factors of 2677.
2677
What are the prime factors of 15351?
3, 7, 17, 43
List the prime factors of 103507.
89, 1163
List the prime factors of 34467.
3, 11489
List the prime factors of 1272.
2, 3, 53
What are the prime factors of 863?
863
List the prime factors of 2996.
2, 7, 107
What are the prime factors of 3487?
11, 317
What are the prime factors of 61846?
2, 17, 107
What are the prime factors of 7765?
5, 1553
What are the prime factors of 46193?
7, 6599
What are the prime factors of 5634?
2, 3, 313
List the prime factors of 5171.
5171
List the prime factors of 172.
2, 43
What are the prime factors of 2?
2
What are the prime factors of 23261?
7, 3323
What are the prime factors of 965?
5, 193
What are the prime factors of 8853?
3, 13, 227
List the prime factors of 71955.
3, 5, 13, 41
List the prime factors of 123888.
2, 3, 29, 89
What are the prime factors of 41562?
2, 3, 2309
What are the prime factors of 35289?
3, 1307
What are the prime factors of 953?
953
What are the prime factors of 19994?
2, 13, 769
List the prime factors of 12264.
2, 3, 7, 73
List the prime factors of 33616.
2, 11, 191
List the prime factors of 430.
2, 5, 43
List the prime factors of 4054.
2, 2027
What are the prime factors of 500?
2, 5
List the prime factors of 16337.
17, 31
What are the prime factors of 15903?
3, 19, 31
What are the prime factors of 5146?
2, 31, 83
List the prime factors of 9159.
3, 43, 71
What are the prime factors of 1722?
2, 3, 7, 41
List the prime factors of 39301.
39301
List the prime factors of 1676.
2, 419
What are the prime factors of 573?
3, 191
List the prime factors of 86775.
3, 5, 13, 89
List the prime factors of 8652.
2, 3, 7, 103
List the prime factors of 1176.
2, 3, 7
What are the prime factors of 623?
7, 89
What are the prime factors of 5666?
2, 2833
What are the prime factors of 60894?
2, 3, 17, 199
List the prime factors of 11752.
2, 13, 113
What are the prime factors of 74136?
2, 3, 3089
List the prime factors of 7235.
5, 1447
List the prime factors of 114371.
114371
List the prime factors of 10264.
2, 1283
What are the prime factors of 11750?
2, 5, 47
What are the prime factors of 236?
2, 59
What are the prime factors of 114251?
43, 2657
What are the prime factors of 1697?
1697
What are the prime factors of 610?
2, 5, 61
What are the prime factors of 17531?
47, 373
List the prime factors of 5272.
2, 659
What are the prime factors of 43581?
3, 73, 199
List the prime factors of 159227.
159227
What are the prime factors of 18604?
2, 4651
List the prime factors of 10711.
10711
List the prime factors of 3371.
3371
List the prime factors of 381.
3, 127
What are the prime factors of 4167?
3, 463
List the prime factors of 8.
2
List the prime factors of 498.
2, 3, 83
What are the prime factors of 60549?
3, 20183
What are the prime factors of 55823?
55823
List the prime factors of 1442.
2, 7, 103
List the prime factors of 20691.
3, 11, 19
List the prime factors of 7396.
2, 43
List the prime factors of 2577.
3, 859
What are the prime factors of 113?
113
List the prime factors of 2405.
5, 13, 37
List the prime factors of 87224.
2, 10903
What are the prime factors of 144709?
144709
List the prime factors of 3193.
31, 103
What are the prime factors of 1090?
2, 5, 109
What are the prime factors of 8237?
8237
What are the prime factors of 8056?
2, 19, 53
List the prime factors of 2992.
2, 11, 17
List the prime factors of 29774.
2, 14887
List the prime factors of 9963.
3, 41
What are the prime factors of 2693?
2693
What are the prime factors of 1553?
1553
List the prime factors of 19355.
5, 7, 79
What are the prime factors of 411?
3, 137
What are the prime factors of 10972?
2, 13, 211
List the prime factors of 271.
271
What are the prime factors of 865?
5, 173
List the prime factors of 8340.
2, 3, 5, 139
What are the prime factors of 1136?
2, 71
List the prime factors of 2856.
2, 3, 7, 17
List the prime factors of 42935.
5, 31, 277
List the prime factors of 6140.
2, 5, 307
List the prime factors of 1018.
2, 509
List the prime factors of 4414.
2, 2207
What are the prime factors of 3629?
19, 191
List the prime factors of 23584.
2, 11, 67
List the prime factors of 762.
2, 3, 127
What are the prime factors of 11744?
2, 367
What are the prime factors of 2981?
11, 271
What are the prime factors of 750?
2, 3, 5
What are the prime factors of 12509?
7, 1787
List the prime factors of 44795.
5, 17, 31
List the 